. Let c = 4 - x. What are the prime factors of c?
2
What are the prime factors of 4 - 1308/(-36)*12/2?
2, 3, 37
Let g(z) = -2*z**3 + 12*z**2 + 15*z - 9. Let y(i) = 3*i**3 - 18*i**2 - 23*i + 14. Let d(c) = -7*g(c) - 5*y(c). What are the prime factors of d(7)?
2, 7
Suppose 3*v = 2*c + 309, 2*v - 5*c - 176 = 19. What are the prime factors of v?
3, 5, 7
What are the prime factors of (1 + -3 - 0) + (-9 - -48)?
37
Let v(r) = r + 43. Let q be v(-18). Suppose -2*j - 11 = -j - 2*n, -4*j + 5*n = 35. Let i = j + q. List the prime factors of i.
2, 5
List the prime factors of (5 - 3) + 160 + (0 - -2).
2, 41
Let s(c) = c**2 - c - 1. Let j(u) = -u**3 - 10*u**2 - 5*u + 12. Let t(y) = -j(y) - s(y). List the prime factors of t(-8).
5
Suppose 51 + 29 = 4*j. Suppose -5*w = -5 - j. What are the prime factors of w?
5
Let f(m) = 3*m**2 - 39*m + 30. What are the prime factors of f(15)?
2, 3, 5
Let u be (-2)/(2 + 2)*0. Suppose u = 3*g + g - 36. Let v = -5 + g. What are the prime factors of v?
2
Suppose -4*v = g - 1, 0 = 2*v - 2*g + 2 - 0. Suppose v = -o - o. Suppose -2*u + 3*k + 4 = -o*u, 24 = 4*u + 2*k. What are the prime factors of u?
5
Let r be (-1)/(2/(-130)) + 4. Let w = r - 45. What are the prime factors of w?
2, 3
Let j(b) = 3*b**3 - 5 + 5*b - 4*b**3 - 9*b + 7*b**2. What are the prime factors of j(5)?
5
Let b = 4 + 0. Suppose 21 = -3*d + 5*n + 62, -d = -b*n - 9. What are the prime factors of d?
17
Let y(o) = 2*o**2 + 3*o. Let m be y(-4). Suppose 4*z - 6*z + m = 0. What are the prime factors of z?
2, 5
What are the prime factors of (6/4 - 2)*-6?
3
Suppose 4*y - j = 285, -276 = -4*y + 8*j - 4*j. What are the prime factors of y?
2, 3
Let t(i) = i**3 - 5*i**2 - 2*i - 4. Suppose 2*z = -f + 15, -5*z = 4*f - 47 - 7. Let m = f + -5. What are the prime factors of t(m)?
2, 5
Suppose -r = -3*r + 10. Suppose -18 + r = -b. List the prime factors of b.
13
Let w(l) = 20*l**2 - 1. List the prime factors of w(-1).
19
Suppose o - 21 = 3*d, 4*d - 3*o = -0*o - 23. Let t be (-8 + 2)/((-2)/4). Let r = t + d. What are the prime factors of r?
2
Let i = -5 - -9. Suppose -i*z + 3*y + 121 - 21 = 0, 3*y - 10 = -z. List the prime factors of z.
2, 11
What are the prime factors of (-2)/12 + (-2485)/(-42)?
59
Let r = 10 - -45. What are the prime factors of r?
5, 11
Let o = 17 + -32. What are the prime factors of 2*-1*o/1?
2, 3, 5
List the prime factors of -5 - 0 - (-94 + -22).
3, 37
Let k be 2/(-6) - 4086/(-27). Suppose -a = 4*g - k, -2*g + 2*a - 68 = -4*g. What are the prime factors of g?
3, 13
Let i(t) = -3*t**3 - t**2 - t. Let c(v) = v**2 - 2*v. Suppose 0 = -6*a + a + 5. Let q be c(a). What are the prime factors of i(q)?
3
Let s(x) = -2*x**3 + x**3 - 4*x + 4*x**2 + 2 + 2*x**2. Let t be (-14 - 1)*5/(-15). What are the prime factors of s(t)?
7
Suppose 2*p - 5 - 7 = 0. Suppose -3*a + 0*x + 2*x = -8, 0 = 5*a + 5*x - 5. Let b = a + p. List the prime factors of b.
2
Suppose -9*g + 1747 = 325. What are the prime factors of g?
2, 79
Suppose -p = 2*m - 14, -3*p + 3*m + 14 = -p. Let u(j) = 6*j - 15. What are the prime factors of u(p)?
3, 5
Let b = -91 + 168. What are the prime factors of b?
7, 11
Let b be (4/(-14))/((-2)/14). Suppose -4*o + 8 = 3*v, 2*o - 2 = -0*o - b*v. Suppose g + i = o*i + 2, 2*g + i = 13. What are the prime factors of g?
2, 3
Suppose 0 = -4*p + p + 2*g + 233, 2*p - 154 = g. List the prime factors of p.
3, 5
Suppose 3 - 15 = -4*a. Suppose -1 = -u - 4*m, -48 = -a*u - 0*u - 3*m. Suppose -b = 2*b - u. What are the prime factors of b?
7
What are the prime factors of 2 - (-43 + (-3)/(-1))?
2, 3, 7
Let y(c) = 3*c - 5. Let f be y(4). Suppose f*o - 70 = 2*o. List the prime factors of o.
2, 7
Suppose 5*v + 2*c - 468 = -0*c, -5*v + 448 = -3*c. What are the prime factors of v?
2, 23
Let b = 8 + -1. Let g(p) = p - 2. List the prime factors of g(b).
5
Let f be (7 + 2 - 1) + 1. Suppose 4*b = f + 39. What are the prime factors of b?
2, 3
Let u(v) = -3*v**3 + 2*v + 1. Let m = 4 + -1. Suppose 5*i = m*t - 17, 0 = -7*i + 4*i + t - 7. What are the prime factors of u(i)?
2
Let k = 17 - 16. List the prime factors of (64/2)/1 - k.
31
Let a = 30 - 44. Let h = a + 28. What are the prime factors of h?
2, 7
Suppose -3*x + 2*x = -4*t - 11, -5*x - 3*t = -101. Suppose q + 4*d - 20 = x, -143 = -4*q - 3*d. List the prime factors of q.
5, 7
List the prime factors of 62*3*(-4)/(-24).
31
Let n(t) be the third derivative of t**6/120 - t**5/6 + t**4/12 - t**3 + t**2. List the prime factors of n(10).
2, 7
Let a(l) = l**2 - l + 1. Suppose -g + 4 + 7 = 0. Let z = -6 + g. List the prime factors of a(z).
3, 7
Suppose -3*c + c = -66. List the prime factors of c.
3, 11
Let j be (-3)/12 + 2/8. Suppose 4*a - 15 + 3 = j. List the prime factors of a.
3
Let p(b) = -b**3 + 69. Let r be p(0). Suppose 0*o - 5*z - r = -2*o, 0 = 2*o + z - 51. Let v = o + -15. What are the prime factors of v?
2, 3
Suppose -4*w + 3*w - 52 = -x, 0 = 3*w. List the prime factors of x.
2, 13
Let k = 310 - 169. What are the prime factors of k?
3, 47
What are the prime factors of 38/9 - 16/72?
2
Let g(o) = o**2 + 5*o - 2. Let t be g(-6). Suppose t*n + 5*q = 108, 0 = -2*q + 3*q + 4. List the prime factors of n.
2
Suppose 4*m = -4*o - 13 + 101, -2*o - m = -47. List the prime factors of o.
5
Let h = -63 - -158. What are the prime factors of h?
5, 19
Let v(l) be the second derivative of -l**4/4 - l**3/3 + l**2 + l. Let t be v(-3). What are the prime factors of (-1 + (t - 2))/(-2)?
11
Suppose -4*s + 760 = 4*y + 208, 5*y + 290 = 2*s. What are the prime factors of s?
2, 5, 7
Let s(r) = r - 5. Let u be s(7). Suppose 0 = 4*o - u*b - 10, 4*o + 0 = -4*b + 4. List the prime factors of 1/(o - 34/18).
3
Suppose -n - 5*d + 37 = 10, -5*d = -n - 23. Let l(m) = 1 + 0*m**2 + 4*m**2 - 2. What are the prime factors of l(n)?
3, 5
Let r(p) = p**3 + 9*p**2 + 10. Let y be r(-7). Suppose v - 362 = -3*n, -3*v - 450 + y = -3*n. What are the prime factors of n/11 + (-4)/(-22)?
11
Let w be (0 + 0 - 13)/(-1). Suppose 2*i - g = -4*g + 17, -i = -3*g - w. What are the prime factors of i?
2, 5
Let r be 2/7 - (-186)/(-14). Let k = r + 23. What are the prime factors of k?
2, 5
What are the prime factors of 18 + -2 + 1 - -1?
2, 3
Suppose 3*d - 2*d = p - 15, -d = 0. List the prime factors of p.
3, 5
Suppose 3*i - 3*y + 1 = -i, 3*i + 4*y = -32. Let o be (-4 - -2)*(-6)/i. List the prime factors of (-7 + -2)*(o - -2).
3
Let b(q) = q**3 - 9*q**2 - 10*q + 10. Let i be b(10). Let m = i + 27. List the prime factors of m.
37
Let u(o) = 7*o + 5. What are the prime factors of u(4)?
3, 11
Let o = 0 - -3. Suppose 4*h + 6 = z + 3*h, o*z - 30 = -3*h. What are the prime factors of z?
2
Let d = 16 - 32. Let y = 7 - d. List the prime factors of y.
23
Suppose -72 = -2*k - 2*k. Let j = k + -12. What are the prime factors of j?
2, 3
Let c(t) = 8*t + 15. Let b be c(-3). Let f(x) = 2 + 4 - x**3 - 10*x - 11*x**2 + x**2. What are the prime factors of f(b)?
3, 5
Suppose -d = b + d - 8, -3*b + 3*d = 21. Suppose -m + 6 - 5 = 0. What are the prime factors of (m/2)/(b/(-36))?
3
Suppose 4*o = -3*z + 191, -4*o + 4*z - 23 = -179. What are the prime factors of o?
2, 11
Let v = -2 + 3. Suppose a - 5 = -v. Suppose 2*o + 2*i = 3 + 3, 0 = -a*o - 3*i + 16. What are the prime factors of o?
7
Suppose 0 = -z - 3*z - 5*o + 29, -o - 23 = -4*z. List the prime factors of z/9 - (-58)/3.
2, 5
Suppose 4*y + 4 - 20 = 0. Suppose -15 = -h + y*t, -6 = 3*t - 0. What are the prime factors of (h + -5)*(-1)/(-1)?
2
Let z = 2 + 2. Suppose n + z*n - 70 = 0. What are the prime factors of n?
2, 7
Let t(l) = -10*l**3. Suppose -w = 3*w + 4. What are the prime factors of t(w)?
2, 5
Let a = 11 + -9. Suppose -2*n = -a - 18. List the prime factors of n.
2, 5
Suppose 3*q - 2*q - 2 = 0. List the prime factors of q.
2
Suppose 5*y - 3*p - 57 = 0, 0*y - 29 = -2*y - 5*p. Suppose -i + y = -38. List the prime factors of i.
2, 5
Let l = -16 + 22. Suppose 4 + 0 = h. Suppose l = h*f - 30. What are the prime factors of f?
3
Let v(t) = 2*t - 6. Let d be v(4). What are the prime factors of ((-10)/(-4) + -1)*d?
3
Suppose -2*t = -2 - 2. Suppose 3*v = 2*y - t, 0*y - 12 = -3*y. What are the prime factors of v?
2
What are the prime factors of (-1162)/(-28) + (-2)/4?
41
Let l(n) = 2*n**2 - 10*n + 25. What are the prime factors of l(5)?
5
Let y = -14 - -13. Let l = 18 + y. Li